{"id":1634,"date":"2015-04-09T22:48:03","date_gmt":"2015-04-09T21:48:03","guid":{"rendered":"http:\/\/raketen.hoppetossa.com\/?page_id=1634"},"modified":"2024-12-29T19:46:22","modified_gmt":"2024-12-29T18:46:22","slug":"framsida","status":"publish","type":"page","link":"http:\/\/hoppetossa.com\/raketen\/","title":{"rendered":"Raketen"},"content":{"rendered":"","protected":false},"excerpt":{"rendered":"","protected":false},"author":5,"featured_media":0,"parent":0,"menu_order":0,"comment_status":"closed","ping_status":"closed","template":"","meta":{"_acf_changed":false,"_monsterinsights_skip_tracking":false,"_monsterinsights_sitenote_active":false,"_monsterinsights_sitenote_note":"","_monsterinsights_sitenote_category":0,"jetpack_post_was_ever_published":false,"footnotes":""},"class_list":["post-1634","page","type-page","status-publish","hentry"],"acf":[],"yoast_head":"<!-- This site is optimized with the Yoast SEO plugin v27.5 - https:\/\/yoast.com\/product\/yoast-seo-wordpress\/ -->\n<title>F\u00f6rskolan Raketen<\/title>\n<meta name=\"description\" content=\"V\u00e4lkomna till f\u00f6rskolan Raketen i Skarpn\u00e4ck. Vi \u00e4r den lilla f\u00f6rskolan d\u00e4r spr\u00e5k, r\u00f6relse och utomhusgl\u00e4dje fr\u00e4mjar varje barns utveckling.\" \/>\n<meta name=\"robots\" content=\"index, follow, max-snippet:-1, max-image-preview:large, max-video-preview:-1\" \/>\n<link rel=\"canonical\" href=\"http:\/\/hoppetossa.com\/raketen\/\" \/>\n<meta property=\"og:locale\" content=\"sv_SE\" \/>\n<meta property=\"og:type\" content=\"article\" \/>\n<meta property=\"og:title\" content=\"F\u00f6rskolan Raketen\" \/>\n<meta property=\"og:description\" content=\"V\u00e4lkomna till f\u00f6rskolan Raketen i Skarpn\u00e4ck. Vi \u00e4r den lilla f\u00f6rskolan d\u00e4r spr\u00e5k, r\u00f6relse och utomhusgl\u00e4dje fr\u00e4mjar varje barns utveckling.\" \/>\n<meta property=\"og:url\" content=\"http:\/\/hoppetossa.com\/raketen\/\" \/>\n<meta property=\"og:site_name\" content=\"F\u00f6rskolan Raketen\" \/>\n<meta property=\"article:modified_time\" content=\"2024-12-29T18:46:22+00:00\" \/>\n<meta name=\"twitter:card\" content=\"summary_large_image\" \/>\n<meta name=\"twitter:label1\" content=\"Ber\u00e4knad l\u00e4stid\" \/>\n\t<meta name=\"twitter:data1\" content=\"2 minuter\" \/>\n<script type=\"application\/ld+json\" class=\"yoast-schema-graph\">{\"@context\":\"https:\\\/\\\/schema.org\",\"@graph\":[{\"@type\":\"WebPage\",\"@id\":\"http:\\\/\\\/hoppetossa.com\\\/raketen\\\/\",\"url\":\"http:\\\/\\\/hoppetossa.com\\\/raketen\\\/\",\"name\":\"F\u00f6rskolan Raketen\",\"isPartOf\":{\"@id\":\"http:\\\/\\\/hoppetossa.com\\\/raketen\\\/#website\"},\"datePublished\":\"2015-04-09T21:48:03+00:00\",\"dateModified\":\"2024-12-29T18:46:22+00:00\",\"description\":\"V\u00e4lkomna till f\u00f6rskolan Raketen i Skarpn\u00e4ck. Vi \u00e4r den lilla f\u00f6rskolan d\u00e4r spr\u00e5k, r\u00f6relse och utomhusgl\u00e4dje fr\u00e4mjar varje barns utveckling.\",\"breadcrumb\":{\"@id\":\"http:\\\/\\\/hoppetossa.com\\\/raketen\\\/#breadcrumb\"},\"inLanguage\":\"sv-SE\",\"potentialAction\":[{\"@type\":\"ReadAction\",\"target\":[\"http:\\\/\\\/hoppetossa.com\\\/raketen\\\/\"]}]},{\"@type\":\"BreadcrumbList\",\"@id\":\"http:\\\/\\\/hoppetossa.com\\\/raketen\\\/#breadcrumb\",\"itemListElement\":[{\"@type\":\"ListItem\",\"position\":1,\"name\":\"Hem\",\"item\":\"http:\\\/\\\/hoppetossa.com\\\/raketen\\\/\"},{\"@type\":\"ListItem\",\"position\":2,\"name\":\"Raketen\"}]},{\"@type\":\"WebSite\",\"@id\":\"http:\\\/\\\/hoppetossa.com\\\/raketen\\\/#website\",\"url\":\"http:\\\/\\\/hoppetossa.com\\\/raketen\\\/\",\"name\":\"F\u00f6rskolan Raketen\",\"description\":\"Hoppetossa f\u00f6rskolor\",\"potentialAction\":[{\"@type\":\"SearchAction\",\"target\":{\"@type\":\"EntryPoint\",\"urlTemplate\":\"http:\\\/\\\/hoppetossa.com\\\/raketen\\\/?s={search_term_string}\"},\"query-input\":{\"@type\":\"PropertyValueSpecification\",\"valueRequired\":true,\"valueName\":\"search_term_string\"}}],\"inLanguage\":\"sv-SE\"}]}<\/script>\n<!-- \/ Yoast SEO plugin. -->","yoast_head_json":{"title":"F\u00f6rskolan Raketen","description":"V\u00e4lkomna till f\u00f6rskolan Raketen i Skarpn\u00e4ck. Vi \u00e4r den lilla f\u00f6rskolan d\u00e4r spr\u00e5k, r\u00f6relse och utomhusgl\u00e4dje fr\u00e4mjar varje barns utveckling.","robots":{"index":"index","follow":"follow","max-snippet":"max-snippet:-1","max-image-preview":"max-image-preview:large","max-video-preview":"max-video-preview:-1"},"canonical":"http:\/\/hoppetossa.com\/raketen\/","og_locale":"sv_SE","og_type":"article","og_title":"F\u00f6rskolan Raketen","og_description":"V\u00e4lkomna till f\u00f6rskolan Raketen i Skarpn\u00e4ck. Vi \u00e4r den lilla f\u00f6rskolan d\u00e4r spr\u00e5k, r\u00f6relse och utomhusgl\u00e4dje fr\u00e4mjar varje barns utveckling.","og_url":"http:\/\/hoppetossa.com\/raketen\/","og_site_name":"F\u00f6rskolan Raketen","article_modified_time":"2024-12-29T18:46:22+00:00","twitter_card":"summary_large_image","twitter_misc":{"Ber\u00e4knad l\u00e4stid":"2 minuter"},"schema":{"@context":"https:\/\/schema.org","@graph":[{"@type":"WebPage","@id":"http:\/\/hoppetossa.com\/raketen\/","url":"http:\/\/hoppetossa.com\/raketen\/","name":"F\u00f6rskolan Raketen","isPartOf":{"@id":"http:\/\/hoppetossa.com\/raketen\/#website"},"datePublished":"2015-04-09T21:48:03+00:00","dateModified":"2024-12-29T18:46:22+00:00","description":"V\u00e4lkomna till f\u00f6rskolan Raketen i Skarpn\u00e4ck. Vi \u00e4r den lilla f\u00f6rskolan d\u00e4r spr\u00e5k, r\u00f6relse och utomhusgl\u00e4dje fr\u00e4mjar varje barns utveckling.","breadcrumb":{"@id":"http:\/\/hoppetossa.com\/raketen\/#breadcrumb"},"inLanguage":"sv-SE","potentialAction":[{"@type":"ReadAction","target":["http:\/\/hoppetossa.com\/raketen\/"]}]},{"@type":"BreadcrumbList","@id":"http:\/\/hoppetossa.com\/raketen\/#breadcrumb","itemListElement":[{"@type":"ListItem","position":1,"name":"Hem","item":"http:\/\/hoppetossa.com\/raketen\/"},{"@type":"ListItem","position":2,"name":"Raketen"}]},{"@type":"WebSite","@id":"http:\/\/hoppetossa.com\/raketen\/#website","url":"http:\/\/hoppetossa.com\/raketen\/","name":"F\u00f6rskolan Raketen","description":"Hoppetossa f\u00f6rskolor","potentialAction":[{"@type":"SearchAction","target":{"@type":"EntryPoint","urlTemplate":"http:\/\/hoppetossa.com\/raketen\/?s={search_term_string}"},"query-input":{"@type":"PropertyValueSpecification","valueRequired":true,"valueName":"search_term_string"}}],"inLanguage":"sv-SE"}]}},"jetpack_sharing_enabled":true,"jetpack_shortlink":"https:\/\/wp.me\/P7phn9-qm","jetpack-related-posts":[],"_links":{"self":[{"href":"http:\/\/hoppetossa.com\/raketen\/wp-json\/wp\/v2\/pages\/1634","targetHints":{"allow":["GET"]}}],"collection":[{"href":"http:\/\/hoppetossa.com\/raketen\/wp-json\/wp\/v2\/pages"}],"about":[{"href":"http:\/\/hoppetossa.com\/raketen\/wp-json\/wp\/v2\/types\/page"}],"author":[{"embeddable":true,"href":"http:\/\/hoppetossa.com\/raketen\/wp-json\/wp\/v2\/users\/5"}],"replies":[{"embeddable":true,"href":"http:\/\/hoppetossa.com\/raketen\/wp-json\/wp\/v2\/comments?post=1634"}],"version-history":[{"count":144,"href":"http:\/\/hoppetossa.com\/raketen\/wp-json\/wp\/v2\/pages\/1634\/revisions"}],"predecessor-version":[{"id":2839,"href":"http:\/\/hoppetossa.com\/raketen\/wp-json\/wp\/v2\/pages\/1634\/revisions\/2839"}],"wp:attachment":[{"href":"http:\/\/hoppetossa.com\/raketen\/wp-json\/wp\/v2\/media?parent=1634"}],"curies":[{"name":"wp","href":"https:\/\/api.w.org\/{rel}","templated":true}]}}