{"id":45,"date":"2018-07-09T15:10:18","date_gmt":"2018-07-09T13:10:18","guid":{"rendered":"http:\/\/hoppetossa.com\/skeppet\/?page_id=45"},"modified":"2025-09-09T18:31:05","modified_gmt":"2025-09-09T16:31:05","slug":"var-ko","status":"publish","type":"page","link":"http:\/\/hoppetossa.com\/skeppet\/var-ko\/","title":{"rendered":"V\u00e5r k\u00f6"},"content":{"rendered":"<h1>En plats hos oss \/ St\u00e4ll ditt barn i k\u00f6<\/h1>\n<p><img data-recalc-dims=\"1\" loading=\"lazy\" decoding=\"async\" data-attachment-id=\"135\" data-permalink=\"http:\/\/hoppetossa.com\/skeppet\/2018\/10\/17\/pedagogiskt-material-och-mobler-fran-insgraf\/skeppet-6_2\/\" data-orig-file=\"https:\/\/i0.wp.com\/hoppetossa.com\/skeppet\/wp-content\/uploads\/sites\/8\/2018\/10\/skeppet-6_2.jpg?fit=2816%2C3739\" data-orig-size=\"2816,3739\" data-comments-opened=\"0\" data-image-meta=\"{&quot;aperture&quot;:&quot;1.8&quot;,&quot;credit&quot;:&quot;&quot;,&quot;camera&quot;:&quot;iPhone X&quot;,&quot;caption&quot;:&quot;&quot;,&quot;created_timestamp&quot;:&quot;1539770013&quot;,&quot;copyright&quot;:&quot;&quot;,&quot;focal_length&quot;:&quot;4&quot;,&quot;iso&quot;:&quot;40&quot;,&quot;shutter_speed&quot;:&quot;0.058823529411765&quot;,&quot;title&quot;:&quot;&quot;,&quot;orientation&quot;:&quot;1&quot;}\" data-image-title=\"skeppet 6_2\" data-image-description=\"\" data-image-caption=\"\" data-large-file=\"https:\/\/i0.wp.com\/hoppetossa.com\/skeppet\/wp-content\/uploads\/sites\/8\/2018\/10\/skeppet-6_2.jpg?fit=771%2C1024\" class=\"alignleft size-thumbnail wp-image-135 img-responsive\" src=\"https:\/\/i0.wp.com\/hoppetossa.com\/skeppet\/wp-content\/uploads\/sites\/8\/2018\/10\/skeppet-6_2.jpg?resize=150%2C150\" alt=\"\" width=\"150\" height=\"150\" srcset=\"https:\/\/i0.wp.com\/hoppetossa.com\/skeppet\/wp-content\/uploads\/sites\/8\/2018\/10\/skeppet-6_2.jpg?resize=150%2C150 150w, https:\/\/i0.wp.com\/hoppetossa.com\/skeppet\/wp-content\/uploads\/sites\/8\/2018\/10\/skeppet-6_2.jpg?zoom=2&amp;resize=150%2C150 300w, https:\/\/i0.wp.com\/hoppetossa.com\/skeppet\/wp-content\/uploads\/sites\/8\/2018\/10\/skeppet-6_2.jpg?zoom=3&amp;resize=150%2C150 450w\" sizes=\"auto, (max-width: 150px) 100vw, 150px\" \/>Kontakta oss g\u00e4rna f\u00f6r mer information: 073-9828955 eller skeppet@hoppetossa.com.<\/p>\n<p>Vi finns med i Nacka kommuns gemensamma k\u00f6 under namnet <em>Skeppet<\/em>. H\u00e4r hittar ni den gemensamma k\u00f6n:<span class=\"s1\">\u00a0<a href=\"https:\/\/www.nacka.se\/forskola-skola\/forskola-och-pedagogisk-omsorg\/ansok-om-plats-forskola\/\"><span class=\"s2\">https:\/\/www.nacka.se\/forskola-skola\/forskola-och-pedagogisk-omsorg\/ansok-om-plats-forskola\/\u00a0<\/span><\/a>\u00a0<br \/><\/span>V\u00e4lkomna!<\/p>\n<h1>A place with us \/ Put your child in the queue<\/h1>\n<p><img data-recalc-dims=\"1\" loading=\"lazy\" decoding=\"async\" data-attachment-id=\"279\" data-permalink=\"http:\/\/hoppetossa.com\/skeppet\/2019\/06\/05\/den-viktiga-leken-och-trevlig-sommar\/file3-1\/\" data-orig-file=\"https:\/\/i0.wp.com\/hoppetossa.com\/skeppet\/wp-content\/uploads\/sites\/8\/2019\/06\/file3-1.jpeg?fit=444%2C336\" data-orig-size=\"444,336\" data-comments-opened=\"0\" data-image-meta=\"{&quot;aperture&quot;:&quot;0&quot;,&quot;credit&quot;:&quot;&quot;,&quot;camera&quot;:&quot;&quot;,&quot;caption&quot;:&quot;&quot;,&quot;created_timestamp&quot;:&quot;1559746135&quot;,&quot;copyright&quot;:&quot;&quot;,&quot;focal_length&quot;:&quot;0&quot;,&quot;iso&quot;:&quot;0&quot;,&quot;shutter_speed&quot;:&quot;0&quot;,&quot;title&quot;:&quot;&quot;,&quot;orientation&quot;:&quot;0&quot;}\" data-image-title=\"file3-1\" data-image-description=\"\" data-image-caption=\"\" data-large-file=\"https:\/\/i0.wp.com\/hoppetossa.com\/skeppet\/wp-content\/uploads\/sites\/8\/2019\/06\/file3-1.jpeg?fit=444%2C336\" class=\"alignleft size-thumbnail wp-image-279 img-responsive\" src=\"https:\/\/i0.wp.com\/hoppetossa.com\/skeppet\/wp-content\/uploads\/sites\/8\/2019\/06\/file3-1.jpeg?resize=150%2C150\" alt=\"\" width=\"150\" height=\"150\" srcset=\"https:\/\/i0.wp.com\/hoppetossa.com\/skeppet\/wp-content\/uploads\/sites\/8\/2019\/06\/file3-1.jpeg?resize=150%2C150 150w, https:\/\/i0.wp.com\/hoppetossa.com\/skeppet\/wp-content\/uploads\/sites\/8\/2019\/06\/file3-1.jpeg?zoom=2&amp;resize=150%2C150 300w\" sizes=\"auto, (max-width: 150px) 100vw, 150px\" \/>Please contact us for more information: 073-9828955 or skeppet@hoppetossa.com.<\/p>\n<p>We are part of the common queue of the municipality of Nacka under the name <em>Skeppet<\/em>. Here you will find the common queue: <a href=\"https:\/\/www.nacka.se\/forskola-skola\/forskola-och-pedagogisk-omsorg\/ansok-om-plats-forskola\/\">https:\/\/www.nacka.se\/forskola-skola\/forskola-och-pedagogisk-omsorg\/ansok-om-plats-forskola\/<\/a>\u00a0<br \/>Welcome!<\/p>\n\n","protected":false},"excerpt":{"rendered":"<p>En plats hos oss \/ St\u00e4ll ditt barn i k\u00f6 Kontakta oss g\u00e4rna f\u00f6r mer information: 073-9828955 eller skeppet@hoppetossa.com. Vi&hellip; <a class=\"read-more\" href=\"http:\/\/hoppetossa.com\/skeppet\/var-ko\/\">L\u00e4s mera<\/a><\/p>\n","protected":false},"author":1,"featured_media":0,"parent":0,"menu_order":0,"comment_status":"closed","ping_status":"closed","template":"","meta":{"_acf_changed":false,"_monsterinsights_skip_tracking":false,"_monsterinsights_sitenote_active":false,"_monsterinsights_sitenote_note":"","_monsterinsights_sitenote_category":0,"jetpack_post_was_ever_published":false,"footnotes":""},"class_list":["post-45","page","type-page","status-publish","hentry"],"acf":[],"yoast_head":"<!-- This site is optimized with the Yoast SEO plugin v27.5 - https:\/\/yoast.com\/product\/yoast-seo-wordpress\/ -->\n<title>V\u00e5r k\u00f6 - F\u00f6rskolan Skeppet<\/title>\n<meta name=\"robots\" content=\"index, follow, max-snippet:-1, max-image-preview:large, max-video-preview:-1\" \/>\n<link rel=\"canonical\" href=\"https:\/\/hoppetossa.com\/skeppet\/var-ko\/\" \/>\n<meta property=\"og:locale\" content=\"sv_SE\" \/>\n<meta property=\"og:type\" content=\"article\" \/>\n<meta property=\"og:title\" content=\"V\u00e5r k\u00f6 - F\u00f6rskolan Skeppet\" \/>\n<meta property=\"og:description\" content=\"En plats hos oss \/ St\u00e4ll ditt barn i k\u00f6 Kontakta oss g\u00e4rna f\u00f6r mer information: 073-9828955 eller skeppet@hoppetossa.com. Vi&hellip; L\u00e4s mera\" \/>\n<meta property=\"og:url\" content=\"https:\/\/hoppetossa.com\/skeppet\/var-ko\/\" \/>\n<meta property=\"og:site_name\" content=\"F\u00f6rskolan Skeppet\" \/>\n<meta property=\"article:modified_time\" content=\"2025-09-09T16:31:05+00:00\" \/>\n<meta property=\"og:image\" content=\"http:\/\/hoppetossa.com\/skeppet\/wp-content\/uploads\/sites\/8\/2018\/10\/skeppet-6_2-150x150.jpg\" \/>\n<meta name=\"twitter:card\" content=\"summary_large_image\" \/>\n<meta name=\"twitter:label1\" content=\"Ber\u00e4knad l\u00e4stid\" \/>\n\t<meta name=\"twitter:data1\" content=\"1 minut\" \/>\n<script type=\"application\/ld+json\" class=\"yoast-schema-graph\">{\"@context\":\"https:\\\/\\\/schema.org\",\"@graph\":[{\"@type\":\"WebPage\",\"@id\":\"https:\\\/\\\/hoppetossa.com\\\/skeppet\\\/var-ko\\\/\",\"url\":\"https:\\\/\\\/hoppetossa.com\\\/skeppet\\\/var-ko\\\/\",\"name\":\"V\u00e5r k\u00f6 - F\u00f6rskolan Skeppet\",\"isPartOf\":{\"@id\":\"http:\\\/\\\/hoppetossa.com\\\/skeppet\\\/#website\"},\"primaryImageOfPage\":{\"@id\":\"https:\\\/\\\/hoppetossa.com\\\/skeppet\\\/var-ko\\\/#primaryimage\"},\"image\":{\"@id\":\"https:\\\/\\\/hoppetossa.com\\\/skeppet\\\/var-ko\\\/#primaryimage\"},\"thumbnailUrl\":\"http:\\\/\\\/hoppetossa.com\\\/skeppet\\\/wp-content\\\/uploads\\\/sites\\\/8\\\/2018\\\/10\\\/skeppet-6_2-150x150.jpg\",\"datePublished\":\"2018-07-09T13:10:18+00:00\",\"dateModified\":\"2025-09-09T16:31:05+00:00\",\"breadcrumb\":{\"@id\":\"https:\\\/\\\/hoppetossa.com\\\/skeppet\\\/var-ko\\\/#breadcrumb\"},\"inLanguage\":\"sv-SE\",\"potentialAction\":[{\"@type\":\"ReadAction\",\"target\":[\"https:\\\/\\\/hoppetossa.com\\\/skeppet\\\/var-ko\\\/\"]}]},{\"@type\":\"ImageObject\",\"inLanguage\":\"sv-SE\",\"@id\":\"https:\\\/\\\/hoppetossa.com\\\/skeppet\\\/var-ko\\\/#primaryimage\",\"url\":\"https:\\\/\\\/i0.wp.com\\\/hoppetossa.com\\\/skeppet\\\/wp-content\\\/uploads\\\/sites\\\/8\\\/2018\\\/10\\\/skeppet-6_2.jpg?fit=2816%2C3739\",\"contentUrl\":\"https:\\\/\\\/i0.wp.com\\\/hoppetossa.com\\\/skeppet\\\/wp-content\\\/uploads\\\/sites\\\/8\\\/2018\\\/10\\\/skeppet-6_2.jpg?fit=2816%2C3739\",\"width\":2816,\"height\":3739},{\"@type\":\"BreadcrumbList\",\"@id\":\"https:\\\/\\\/hoppetossa.com\\\/skeppet\\\/var-ko\\\/#breadcrumb\",\"itemListElement\":[{\"@type\":\"ListItem\",\"position\":1,\"name\":\"Hem\",\"item\":\"http:\\\/\\\/hoppetossa.com\\\/skeppet\\\/\"},{\"@type\":\"ListItem\",\"position\":2,\"name\":\"V\u00e5r k\u00f6\"}]},{\"@type\":\"WebSite\",\"@id\":\"http:\\\/\\\/hoppetossa.com\\\/skeppet\\\/#website\",\"url\":\"http:\\\/\\\/hoppetossa.com\\\/skeppet\\\/\",\"name\":\"F\u00f6rskolan Skeppet\",\"description\":\"En till Hoppetossa-webbplatser webbplats\",\"potentialAction\":[{\"@type\":\"SearchAction\",\"target\":{\"@type\":\"EntryPoint\",\"urlTemplate\":\"http:\\\/\\\/hoppetossa.com\\\/skeppet\\\/?s={search_term_string}\"},\"query-input\":{\"@type\":\"PropertyValueSpecification\",\"valueRequired\":true,\"valueName\":\"search_term_string\"}}],\"inLanguage\":\"sv-SE\"}]}<\/script>\n<!-- \/ Yoast SEO plugin. -->","yoast_head_json":{"title":"V\u00e5r k\u00f6 - F\u00f6rskolan Skeppet","robots":{"index":"index","follow":"follow","max-snippet":"max-snippet:-1","max-image-preview":"max-image-preview:large","max-video-preview":"max-video-preview:-1"},"canonical":"https:\/\/hoppetossa.com\/skeppet\/var-ko\/","og_locale":"sv_SE","og_type":"article","og_title":"V\u00e5r k\u00f6 - F\u00f6rskolan Skeppet","og_description":"En plats hos oss \/ St\u00e4ll ditt barn i k\u00f6 Kontakta oss g\u00e4rna f\u00f6r mer information: 073-9828955 eller skeppet@hoppetossa.com. Vi&hellip; L\u00e4s mera","og_url":"https:\/\/hoppetossa.com\/skeppet\/var-ko\/","og_site_name":"F\u00f6rskolan Skeppet","article_modified_time":"2025-09-09T16:31:05+00:00","og_image":[{"url":"http:\/\/hoppetossa.com\/skeppet\/wp-content\/uploads\/sites\/8\/2018\/10\/skeppet-6_2-150x150.jpg","type":"","width":"","height":""}],"twitter_card":"summary_large_image","twitter_misc":{"Ber\u00e4knad l\u00e4stid":"1 minut"},"schema":{"@context":"https:\/\/schema.org","@graph":[{"@type":"WebPage","@id":"https:\/\/hoppetossa.com\/skeppet\/var-ko\/","url":"https:\/\/hoppetossa.com\/skeppet\/var-ko\/","name":"V\u00e5r k\u00f6 - F\u00f6rskolan Skeppet","isPartOf":{"@id":"http:\/\/hoppetossa.com\/skeppet\/#website"},"primaryImageOfPage":{"@id":"https:\/\/hoppetossa.com\/skeppet\/var-ko\/#primaryimage"},"image":{"@id":"https:\/\/hoppetossa.com\/skeppet\/var-ko\/#primaryimage"},"thumbnailUrl":"http:\/\/hoppetossa.com\/skeppet\/wp-content\/uploads\/sites\/8\/2018\/10\/skeppet-6_2-150x150.jpg","datePublished":"2018-07-09T13:10:18+00:00","dateModified":"2025-09-09T16:31:05+00:00","breadcrumb":{"@id":"https:\/\/hoppetossa.com\/skeppet\/var-ko\/#breadcrumb"},"inLanguage":"sv-SE","potentialAction":[{"@type":"ReadAction","target":["https:\/\/hoppetossa.com\/skeppet\/var-ko\/"]}]},{"@type":"ImageObject","inLanguage":"sv-SE","@id":"https:\/\/hoppetossa.com\/skeppet\/var-ko\/#primaryimage","url":"https:\/\/i0.wp.com\/hoppetossa.com\/skeppet\/wp-content\/uploads\/sites\/8\/2018\/10\/skeppet-6_2.jpg?fit=2816%2C3739","contentUrl":"https:\/\/i0.wp.com\/hoppetossa.com\/skeppet\/wp-content\/uploads\/sites\/8\/2018\/10\/skeppet-6_2.jpg?fit=2816%2C3739","width":2816,"height":3739},{"@type":"BreadcrumbList","@id":"https:\/\/hoppetossa.com\/skeppet\/var-ko\/#breadcrumb","itemListElement":[{"@type":"ListItem","position":1,"name":"Hem","item":"http:\/\/hoppetossa.com\/skeppet\/"},{"@type":"ListItem","position":2,"name":"V\u00e5r k\u00f6"}]},{"@type":"WebSite","@id":"http:\/\/hoppetossa.com\/skeppet\/#website","url":"http:\/\/hoppetossa.com\/skeppet\/","name":"F\u00f6rskolan Skeppet","description":"En till Hoppetossa-webbplatser webbplats","potentialAction":[{"@type":"SearchAction","target":{"@type":"EntryPoint","urlTemplate":"http:\/\/hoppetossa.com\/skeppet\/?s={search_term_string}"},"query-input":{"@type":"PropertyValueSpecification","valueRequired":true,"valueName":"search_term_string"}}],"inLanguage":"sv-SE"}]}},"jetpack_sharing_enabled":true,"jetpack_shortlink":"https:\/\/wp.me\/Pa2e2P-J","jetpack-related-posts":[],"_links":{"self":[{"href":"http:\/\/hoppetossa.com\/skeppet\/wp-json\/wp\/v2\/pages\/45","targetHints":{"allow":["GET"]}}],"collection":[{"href":"http:\/\/hoppetossa.com\/skeppet\/wp-json\/wp\/v2\/pages"}],"about":[{"href":"http:\/\/hoppetossa.com\/skeppet\/wp-json\/wp\/v2\/types\/page"}],"author":[{"embeddable":true,"href":"http:\/\/hoppetossa.com\/skeppet\/wp-json\/wp\/v2\/users\/1"}],"replies":[{"embeddable":true,"href":"http:\/\/hoppetossa.com\/skeppet\/wp-json\/wp\/v2\/comments?post=45"}],"version-history":[{"count":14,"href":"http:\/\/hoppetossa.com\/skeppet\/wp-json\/wp\/v2\/pages\/45\/revisions"}],"predecessor-version":[{"id":656,"href":"http:\/\/hoppetossa.com\/skeppet\/wp-json\/wp\/v2\/pages\/45\/revisions\/656"}],"wp:attachment":[{"href":"http:\/\/hoppetossa.com\/skeppet\/wp-json\/wp\/v2\/media?parent=45"}],"curies":[{"name":"wp","href":"https:\/\/api.w.org\/{rel}","templated":true}]}}