{"id":40,"date":"2022-05-04T19:37:39","date_gmt":"2022-05-04T17:37:39","guid":{"rendered":"http:\/\/hoppetossa.com\/haga\/?page_id=40"},"modified":"2025-08-28T09:14:03","modified_gmt":"2025-08-28T07:14:03","slug":"in-english","status":"publish","type":"page","link":"https:\/\/hoppetossa.com\/haga\/in-english\/","title":{"rendered":"In English"},"content":{"rendered":"\n<div class=\"wp-block-group\"><div class=\"wp-block-group__inner-container is-layout-constrained wp-block-group-is-layout-constrained\">\n<h1 class=\"wp-block-heading\">Welcome to preschool Haga<\/h1>\n\n\n\n<figure class=\"wp-block-gallery has-nested-images columns-default is-cropped wp-block-gallery-1 is-layout-flex wp-block-gallery-is-layout-flex\">\n<figure class=\"wp-block-image size-large\"><img data-recalc-dims=\"1\" loading=\"lazy\" decoding=\"async\" width=\"1024\" height=\"295\" data-id=\"150\" src=\"https:\/\/i0.wp.com\/hoppetossa.com\/haga\/wp-content\/uploads\/sites\/12\/2023\/07\/dsc-8597-1024x295.jpeg?resize=1024%2C295&#038;ssl=1\" alt=\"\" class=\"wp-image-150 img-responsive\" srcset=\"https:\/\/i0.wp.com\/hoppetossa.com\/haga\/wp-content\/uploads\/sites\/12\/2023\/07\/dsc-8597.jpeg?resize=1024%2C295&amp;ssl=1 1024w, https:\/\/i0.wp.com\/hoppetossa.com\/haga\/wp-content\/uploads\/sites\/12\/2023\/07\/dsc-8597.jpeg?resize=300%2C86&amp;ssl=1 300w, https:\/\/i0.wp.com\/hoppetossa.com\/haga\/wp-content\/uploads\/sites\/12\/2023\/07\/dsc-8597.jpeg?resize=768%2C221&amp;ssl=1 768w, https:\/\/i0.wp.com\/hoppetossa.com\/haga\/wp-content\/uploads\/sites\/12\/2023\/07\/dsc-8597.jpeg?resize=1536%2C442&amp;ssl=1 1536w, https:\/\/i0.wp.com\/hoppetossa.com\/haga\/wp-content\/uploads\/sites\/12\/2023\/07\/dsc-8597.jpeg?w=1800&amp;ssl=1 1800w\" sizes=\"auto, (max-width: 1024px) 100vw, 1024px\" \/><\/figure>\n<\/figure>\n\n\n\n<p>Welcome to Haga in Hagastaden! In our newly built premises, the education is designed according to the children&#8217;s needs and interests, where outdoor activities are a natural part of the day. We have our own yard and proximity to green areas that we use extensively.<\/p>\n\n\n\n<p>Outdoor pedagogy, the joy of movement and the desire to discover are a big part of our preschool &#8211; experiencing and exploring with all the senses are important ingredients in our daily work. We work actively with the learning environment based on the children&#8217;s influence, to create learning and development for each child. Our environment is sustainable, accessible and playful to create the creative and fun-filled, but which also attracts exploration, curiosity and social interaction.<\/p>\n\n\n\n<div class=\"wp-block-jetpack-tiled-gallery aligncenter is-style-rectangular\"><div class=\"\"><div class=\"tiled-gallery__gallery\"><div class=\"tiled-gallery__row\"><div class=\"tiled-gallery__col\" style=\"flex-basis:74.22568%\"><figure class=\"tiled-gallery__item\"><img decoding=\"async\" srcset=\"https:\/\/i0.wp.com\/hoppetossa.com\/haga\/wp-content\/uploads\/sites\/12\/2024\/12\/img-2499-1024x712.jpg?strip=info&#038;w=600 600w,https:\/\/i0.wp.com\/hoppetossa.com\/haga\/wp-content\/uploads\/sites\/12\/2024\/12\/img-2499-1024x712.jpg?strip=info&#038;w=900 900w,https:\/\/i0.wp.com\/hoppetossa.com\/haga\/wp-content\/uploads\/sites\/12\/2024\/12\/img-2499-1024x712.jpg?strip=info&#038;w=1170 1170w\" alt=\"\" data-height=\"813\" data-id=\"204\" data-link=\"https:\/\/hoppetossa.com\/haga\/screenshot-4\/\" data-url=\"http:\/\/hoppetossa.com\/haga\/wp-content\/uploads\/sites\/12\/2024\/12\/img-2499-1024x712.jpg\" data-width=\"1170\" src=\"https:\/\/i0.wp.com\/hoppetossa.com\/haga\/wp-content\/uploads\/sites\/12\/2024\/12\/img-2499-1024x712.jpg\" data-amp-layout=\"responsive\"\/><\/figure><\/div><div class=\"tiled-gallery__col img-responsive\" style=\"flex-basis:25.77432%\"><figure class=\"tiled-gallery__item\"><img decoding=\"async\" srcset=\"https:\/\/i0.wp.com\/hoppetossa.com\/haga\/wp-content\/uploads\/sites\/12\/2024\/01\/haga-2.png?strip=info&#038;w=600 600w,https:\/\/i0.wp.com\/hoppetossa.com\/haga\/wp-content\/uploads\/sites\/12\/2024\/01\/haga-2.png?strip=info&#038;w=900 900w,https:\/\/i0.wp.com\/hoppetossa.com\/haga\/wp-content\/uploads\/sites\/12\/2024\/01\/haga-2.png?strip=info&#038;w=946 946w\" alt=\"\" data-height=\"946\" data-id=\"176\" data-link=\"https:\/\/hoppetossa.com\/haga\/haga-2\/\" data-url=\"http:\/\/hoppetossa.com\/haga\/wp-content\/uploads\/sites\/12\/2024\/01\/haga-2.png\" data-width=\"946\" src=\"https:\/\/i0.wp.com\/hoppetossa.com\/haga\/wp-content\/uploads\/sites\/12\/2024\/01\/haga-2.png\" data-amp-layout=\"responsive\"\/><\/figure><figure class=\"tiled-gallery__item img-responsive\"><img decoding=\"async\" srcset=\"https:\/\/i0.wp.com\/hoppetossa.com\/haga\/wp-content\/uploads\/sites\/12\/2022\/05\/edchild11-1024x1019.jpg?strip=info&#038;w=600 600w,https:\/\/i0.wp.com\/hoppetossa.com\/haga\/wp-content\/uploads\/sites\/12\/2022\/05\/edchild11-1024x1019.jpg?strip=info&#038;w=900 900w,https:\/\/i0.wp.com\/hoppetossa.com\/haga\/wp-content\/uploads\/sites\/12\/2022\/05\/edchild11-1024x1019.jpg?strip=info&#038;w=1125 1125w\" alt=\"\" data-height=\"1120\" data-id=\"89\" data-link=\"https:\/\/hoppetossa.com\/haga\/pedagogik-och-verksamhet\/edchild11\/\" data-url=\"http:\/\/hoppetossa.com\/haga\/wp-content\/uploads\/sites\/12\/2022\/05\/edchild11-1024x1019.jpg\" data-width=\"1125\" src=\"https:\/\/i0.wp.com\/hoppetossa.com\/haga\/wp-content\/uploads\/sites\/12\/2022\/05\/edchild11-1024x1019.jpg\" data-amp-layout=\"responsive\"\/><\/figure><\/div><\/div><\/div><\/div><\/div>\n\n\n\n<p>We invite parents to collaborate and the daily meeting enriches and develops the preschool. With us, there are various meeting places for dialogue such as; preschool council \/ collaboration council, development talks, preschool app and parent meetings.<\/p>\n\n\n\n<p>For more information and please contact our principal. Our queue can be found here: <a href=\"https:\/\/forskola.stockholm\/hitta-forskola\/forskola\/hoppetossa-haga\/\">https:\/\/forskola.stockholm\/hitta-forskola\/forskola\/hoppetossa-haga\/<\/a><\/p>\n\n\n\n<div class=\"wp-block-media-text alignwide is-stacked-on-mobile\"><figure class=\"wp-block-media-text__media\"><img data-recalc-dims=\"1\" loading=\"lazy\" decoding=\"async\" width=\"1008\" height=\"992\" src=\"https:\/\/i0.wp.com\/hoppetossa.com\/haga\/wp-content\/uploads\/sites\/12\/2022\/05\/haga-karta.png?resize=1008%2C992\" alt=\"\" class=\"wp-image-45 size-full img-responsive\" srcset=\"https:\/\/i0.wp.com\/hoppetossa.com\/haga\/wp-content\/uploads\/sites\/12\/2022\/05\/haga-karta.png?w=1008&amp;ssl=1 1008w, https:\/\/i0.wp.com\/hoppetossa.com\/haga\/wp-content\/uploads\/sites\/12\/2022\/05\/haga-karta.png?resize=300%2C295&amp;ssl=1 300w, https:\/\/i0.wp.com\/hoppetossa.com\/haga\/wp-content\/uploads\/sites\/12\/2022\/05\/haga-karta.png?resize=768%2C756&amp;ssl=1 768w\" sizes=\"auto, (max-width: 1008px) 100vw, 1008px\" \/><\/figure><div class=\"wp-block-media-text__content\">\n<p><strong>Preschool&nbsp;Haga<\/strong><br>Lise Meitners gata 6<br>113 67 Stockholm<\/p>\n<\/div><\/div>\n\n\n\n<p><strong><span style=\"font-size: revert; color: initial; font-family: -apple-system, BlinkMacSystemFont, 'Segoe UI', Roboto, Oxygen-Sans, Ubuntu, Cantarell, 'Helvetica Neue', sans-serif;\">Contact details<\/span><\/strong><\/p>\n<div class=\"elementToProof\" data-ogsc=\"rgb(0, 0, 0)\">Department Eken: 073-590 85 46<\/div>\n<div class=\"elementToProof\" data-ogsc=\"rgb(0, 0, 0)\">Department Pilen: 073-528 81 24\u00a0<\/div>\n<div class=\"elementToProof\"><span data-ogsc=\"rgb(0, 0, 0)\">Our site manager (&#8221;platsansvarig&#8221;): <\/span><span data-ogsc=\"rgb(51, 122, 183)\"><a id=\"LPlnkOWAa8e11d7f-8dc5-b39f-ea00-00e33ca0bec9\" class=\"OWAAutoLink\" title=\"mailto:platsansvarig.haga@hoppetossa.com\" href=\"mailto:platsansvarig.haga@hoppetossa.com\" data-ogsc=\"rgb(51, 122, 183)\" data-outlook-id=\"88c4cb7b-d4a3-4a29-93bd-afc429733410\">platsansvarig.haga@hoppetossa.com<\/a><\/span><\/div>\n<div class=\"elementToProof\"><span data-ogsc=\"rgb(0, 0, 0)\">Our preschool&#8217;s principal and leaders: <\/span><span data-ogsc=\"rgb(51, 122, 183)\"><a id=\"OWA5a1bb8a2-2e4a-52b6-32bf-8aefa4789582\" class=\"OWAAutoLink\" title=\"mailto:haga@hoppetossa.com\" href=\"mailto:haga@hoppetossa.com\" data-ogsc=\"rgb(51, 122, 183)\" data-outlook-id=\"f74ad365-7388-412d-8029-fd9582a1004a\">haga@hoppetossa.com<\/a><\/span><\/div>\n<p>Other:<br \/><a href=\"https:\/\/www.facebook.com\/HoppetossaHaga\">Facebook<\/a><br \/><a href=\"https:\/\/forskola.stockholm\/hitta-forskola\/forskola\/hoppetossa-haga\/\">Queue<\/a><\/p>\n<p>\u00a0<\/p>\n\n\n\n<p><img data-recalc-dims=\"1\" loading=\"lazy\" decoding=\"async\" class=\"alignleft size-thumbnail wp-image-85 img-responsive\" src=\"https:\/\/i0.wp.com\/hoppetossa.com\/haga\/wp-content\/uploads\/sites\/12\/2022\/05\/kompissol.png?resize=150%2C150\" alt=\"\" width=\"150\" height=\"150\" \/><\/p>\n<p><strong>Complaints and comments<\/strong><\/p>\n<p>We aim to offer good quality in our preschool. Nothing is so good that it cannot be better and views and complaints contribute to developing the preschool. Give us the opportunity to correct errors and shortcomings by talking about what you are not satisfied with or tell us what we are doing that is good.<\/p>\n<p>If it is something that does not meet your expectations or that you are dissatisfied with in your child\u2019s education, turn primarily to us teachers at the preschool. We can then for example address your point of view\/proposal at the next planning meeting so that everyone at the department\/preschool will be informed and in these meetings we will also discuss what measures we should take.<\/p>\n<p>If we do not succeed in resolving the problem and your dissatisfaction persists, turn to the principal so that the preschool, together with the principal, can act further.<\/p>\n<p>Sometimes a meeting is needed, where you as the guardian, the teacher you talked to and the principal are present. The meeting will be a forum for discussing and jointly land in a solution\/action. After this meeting, relevant teachers at the department\/preschool will be informed so that everyone knows what measures are being taken. If we find that a more in-depth analysis is needed, the principal together with the\u00a0<em>huvudman<\/em>\u00a0make an inquiry.<\/p>\n<p>Should you still be dissatisfied, you make a written complaint to the\u00a0<em>huvudman<\/em>\u00a0by sending an e-mail to\u00a0<a href=\"mailto:synpunkter@hoppetossa.com\">synpunkter@hoppetossa.com<\/a>. The\u00a0<em>huvudman<\/em>\u00a0always informs the principal in connection with this, and of course directly to you who have left the complaint\/point of view.<\/p>\n<p>If you are not satisfied with how the<em> huvudman<\/em> received and investigated your complaint, you can proceed with the matter to Stockholm Stad.<\/p>\n<p>Complaints are documented to ensure adequate follow-up.<\/p>\n<p>Of course, the parental council (f\u00f6r\u00e4ldrar\u00e5d) is also a good opportunity to raise views\/complaints. The parental council is a forum for guardians\u2019 representatives from each department and us from the preschool meet. The task of the guardians representative is to highlight suggestions, views and questions from other guardians, and ensure that the other guardians receive information from all meetings.<\/p>\n<p>It is important for us to have a close and trusting cooperation with all families in our preschool!<\/p>\n<\/div><\/div>\n","protected":false},"excerpt":{"rendered":"<p>Welcome to preschool Haga Welcome to Haga in Hagastaden! In our newly built premises, the education is designed according to&hellip; <a class=\"read-more\" href=\"https:\/\/hoppetossa.com\/haga\/in-english\/\">L\u00e4s mera<\/a><\/p>\n","protected":false},"author":1,"featured_media":0,"parent":0,"menu_order":0,"comment_status":"closed","ping_status":"closed","template":"","meta":{"_acf_changed":false,"_monsterinsights_skip_tracking":false,"_monsterinsights_sitenote_active":false,"_monsterinsights_sitenote_note":"","_monsterinsights_sitenote_category":0,"footnotes":""},"class_list":["post-40","page","type-page","status-publish","hentry"],"acf":[],"yoast_head":"<!-- This site is optimized with the Yoast SEO plugin v27.6 - https:\/\/yoast.com\/product\/yoast-seo-wordpress\/ -->\n<title>In English - F\u00f6rskolan Haga<\/title>\n<meta name=\"robots\" content=\"index, follow, max-snippet:-1, max-image-preview:large, max-video-preview:-1\" \/>\n<link rel=\"canonical\" href=\"https:\/\/hoppetossa.com\/haga\/in-english\/\" \/>\n<meta property=\"og:locale\" content=\"sv_SE\" \/>\n<meta property=\"og:type\" content=\"article\" \/>\n<meta property=\"og:title\" content=\"In English - F\u00f6rskolan Haga\" \/>\n<meta property=\"og:description\" content=\"Welcome to preschool Haga Welcome to Haga in Hagastaden! In our newly built premises, the education is designed according to&hellip; L\u00e4s mera\" \/>\n<meta property=\"og:url\" content=\"https:\/\/hoppetossa.com\/haga\/in-english\/\" \/>\n<meta property=\"og:site_name\" content=\"F\u00f6rskolan Haga\" \/>\n<meta property=\"article:modified_time\" content=\"2025-08-28T07:14:03+00:00\" \/>\n<meta property=\"og:image\" content=\"https:\/\/hoppetossa.com\/haga\/wp-content\/uploads\/sites\/12\/2023\/07\/dsc-8597-1024x295.jpeg\" \/>\n<meta name=\"twitter:card\" content=\"summary_large_image\" \/>\n<meta name=\"twitter:label1\" content=\"Ber\u00e4knad l\u00e4stid\" \/>\n\t<meta name=\"twitter:data1\" content=\"5 minuter\" \/>\n<script type=\"application\/ld+json\" class=\"yoast-schema-graph\">{\"@context\":\"https:\\\/\\\/schema.org\",\"@graph\":[{\"@type\":\"WebPage\",\"@id\":\"https:\\\/\\\/hoppetossa.com\\\/haga\\\/in-english\\\/\",\"url\":\"https:\\\/\\\/hoppetossa.com\\\/haga\\\/in-english\\\/\",\"name\":\"In English - F\u00f6rskolan Haga\",\"isPartOf\":{\"@id\":\"https:\\\/\\\/hoppetossa.com\\\/haga\\\/#website\"},\"primaryImageOfPage\":{\"@id\":\"https:\\\/\\\/hoppetossa.com\\\/haga\\\/in-english\\\/#primaryimage\"},\"image\":{\"@id\":\"https:\\\/\\\/hoppetossa.com\\\/haga\\\/in-english\\\/#primaryimage\"},\"thumbnailUrl\":\"https:\\\/\\\/hoppetossa.com\\\/haga\\\/wp-content\\\/uploads\\\/sites\\\/12\\\/2023\\\/07\\\/dsc-8597-1024x295.jpeg\",\"datePublished\":\"2022-05-04T17:37:39+00:00\",\"dateModified\":\"2025-08-28T07:14:03+00:00\",\"breadcrumb\":{\"@id\":\"https:\\\/\\\/hoppetossa.com\\\/haga\\\/in-english\\\/#breadcrumb\"},\"inLanguage\":\"sv-SE\",\"potentialAction\":[{\"@type\":\"ReadAction\",\"target\":[\"https:\\\/\\\/hoppetossa.com\\\/haga\\\/in-english\\\/\"]}]},{\"@type\":\"ImageObject\",\"inLanguage\":\"sv-SE\",\"@id\":\"https:\\\/\\\/hoppetossa.com\\\/haga\\\/in-english\\\/#primaryimage\",\"url\":\"https:\\\/\\\/hoppetossa.com\\\/haga\\\/wp-content\\\/uploads\\\/sites\\\/12\\\/2023\\\/07\\\/dsc-8597-1024x295.jpeg\",\"contentUrl\":\"https:\\\/\\\/hoppetossa.com\\\/haga\\\/wp-content\\\/uploads\\\/sites\\\/12\\\/2023\\\/07\\\/dsc-8597-1024x295.jpeg\"},{\"@type\":\"BreadcrumbList\",\"@id\":\"https:\\\/\\\/hoppetossa.com\\\/haga\\\/in-english\\\/#breadcrumb\",\"itemListElement\":[{\"@type\":\"ListItem\",\"position\":1,\"name\":\"Hem\",\"item\":\"https:\\\/\\\/hoppetossa.com\\\/haga\\\/\"},{\"@type\":\"ListItem\",\"position\":2,\"name\":\"In English\"}]},{\"@type\":\"WebSite\",\"@id\":\"https:\\\/\\\/hoppetossa.com\\\/haga\\\/#website\",\"url\":\"https:\\\/\\\/hoppetossa.com\\\/haga\\\/\",\"name\":\"F\u00f6rskolan Haga\",\"description\":\"Hoppetossa f\u00f6rskolor\",\"potentialAction\":[{\"@type\":\"SearchAction\",\"target\":{\"@type\":\"EntryPoint\",\"urlTemplate\":\"https:\\\/\\\/hoppetossa.com\\\/haga\\\/?s={search_term_string}\"},\"query-input\":{\"@type\":\"PropertyValueSpecification\",\"valueRequired\":true,\"valueName\":\"search_term_string\"}}],\"inLanguage\":\"sv-SE\"}]}<\/script>\n<!-- \/ Yoast SEO plugin. -->","yoast_head_json":{"title":"In English - F\u00f6rskolan Haga","robots":{"index":"index","follow":"follow","max-snippet":"max-snippet:-1","max-image-preview":"max-image-preview:large","max-video-preview":"max-video-preview:-1"},"canonical":"https:\/\/hoppetossa.com\/haga\/in-english\/","og_locale":"sv_SE","og_type":"article","og_title":"In English - F\u00f6rskolan Haga","og_description":"Welcome to preschool Haga Welcome to Haga in Hagastaden! In our newly built premises, the education is designed according to&hellip; L\u00e4s mera","og_url":"https:\/\/hoppetossa.com\/haga\/in-english\/","og_site_name":"F\u00f6rskolan Haga","article_modified_time":"2025-08-28T07:14:03+00:00","og_image":[{"url":"https:\/\/hoppetossa.com\/haga\/wp-content\/uploads\/sites\/12\/2023\/07\/dsc-8597-1024x295.jpeg","type":"","width":"","height":""}],"twitter_card":"summary_large_image","twitter_misc":{"Ber\u00e4knad l\u00e4stid":"5 minuter"},"schema":{"@context":"https:\/\/schema.org","@graph":[{"@type":"WebPage","@id":"https:\/\/hoppetossa.com\/haga\/in-english\/","url":"https:\/\/hoppetossa.com\/haga\/in-english\/","name":"In English - F\u00f6rskolan Haga","isPartOf":{"@id":"https:\/\/hoppetossa.com\/haga\/#website"},"primaryImageOfPage":{"@id":"https:\/\/hoppetossa.com\/haga\/in-english\/#primaryimage"},"image":{"@id":"https:\/\/hoppetossa.com\/haga\/in-english\/#primaryimage"},"thumbnailUrl":"https:\/\/hoppetossa.com\/haga\/wp-content\/uploads\/sites\/12\/2023\/07\/dsc-8597-1024x295.jpeg","datePublished":"2022-05-04T17:37:39+00:00","dateModified":"2025-08-28T07:14:03+00:00","breadcrumb":{"@id":"https:\/\/hoppetossa.com\/haga\/in-english\/#breadcrumb"},"inLanguage":"sv-SE","potentialAction":[{"@type":"ReadAction","target":["https:\/\/hoppetossa.com\/haga\/in-english\/"]}]},{"@type":"ImageObject","inLanguage":"sv-SE","@id":"https:\/\/hoppetossa.com\/haga\/in-english\/#primaryimage","url":"https:\/\/hoppetossa.com\/haga\/wp-content\/uploads\/sites\/12\/2023\/07\/dsc-8597-1024x295.jpeg","contentUrl":"https:\/\/hoppetossa.com\/haga\/wp-content\/uploads\/sites\/12\/2023\/07\/dsc-8597-1024x295.jpeg"},{"@type":"BreadcrumbList","@id":"https:\/\/hoppetossa.com\/haga\/in-english\/#breadcrumb","itemListElement":[{"@type":"ListItem","position":1,"name":"Hem","item":"https:\/\/hoppetossa.com\/haga\/"},{"@type":"ListItem","position":2,"name":"In English"}]},{"@type":"WebSite","@id":"https:\/\/hoppetossa.com\/haga\/#website","url":"https:\/\/hoppetossa.com\/haga\/","name":"F\u00f6rskolan Haga","description":"Hoppetossa f\u00f6rskolor","potentialAction":[{"@type":"SearchAction","target":{"@type":"EntryPoint","urlTemplate":"https:\/\/hoppetossa.com\/haga\/?s={search_term_string}"},"query-input":{"@type":"PropertyValueSpecification","valueRequired":true,"valueName":"search_term_string"}}],"inLanguage":"sv-SE"}]}},"jetpack-related-posts":[],"jetpack_sharing_enabled":true,"_links":{"self":[{"href":"https:\/\/hoppetossa.com\/haga\/wp-json\/wp\/v2\/pages\/40","targetHints":{"allow":["GET"]}}],"collection":[{"href":"https:\/\/hoppetossa.com\/haga\/wp-json\/wp\/v2\/pages"}],"about":[{"href":"https:\/\/hoppetossa.com\/haga\/wp-json\/wp\/v2\/types\/page"}],"author":[{"embeddable":true,"href":"https:\/\/hoppetossa.com\/haga\/wp-json\/wp\/v2\/users\/1"}],"replies":[{"embeddable":true,"href":"https:\/\/hoppetossa.com\/haga\/wp-json\/wp\/v2\/comments?post=40"}],"version-history":[{"count":15,"href":"https:\/\/hoppetossa.com\/haga\/wp-json\/wp\/v2\/pages\/40\/revisions"}],"predecessor-version":[{"id":268,"href":"https:\/\/hoppetossa.com\/haga\/wp-json\/wp\/v2\/pages\/40\/revisions\/268"}],"wp:attachment":[{"href":"https:\/\/hoppetossa.com\/haga\/wp-json\/wp\/v2\/media?parent=40"}],"curies":[{"name":"wp","href":"https:\/\/api.w.org\/{rel}","templated":true}]}}